ose -3*q + 3*x - 2 = -5, 0 = -3*x - 15. List the prime factors of a(q).
7, 17
Let y(x) = x**2 + 30*x + 188. What are the prime factors of y(-24)?
2, 11
Let m = 2656 + -815. What are the prime factors of m?
7, 263
Let c(w) = 8*w**2 - 5*w - 3. Let k(r) = 7*r**2 - 4*r - 4. Let p(j) = -6*c(j) + 7*k(j). What are the prime factors of p(-8)?
2, 19
Suppose -2*z - 2*b = -4582, 0 = 92*z - 91*z + 4*b - 2291. What are the prime factors of z?
29, 79
Let c(p) = 6*p**2 - 139*p + 24. What are the prime factors of c(28)?
2, 11, 19
Let f be 6/(-9) + (-68)/(-3). Suppose -3*v - 5*l + 3 = -f, v - 13 = -4*l. Suppose -v*n - 67 = -237. What are the prime factors of n?
2, 17
Suppose -5*i - 144 = 3*j, 4*j + i + 203 = -2*i. Let m = 5 - j. List the prime factors of m.
2, 29
Let h(b) = b**2 + b + 3. Let p be h(5). Let g be 438/9 - (-2)/(-3). Let d = g - p. List the prime factors of d.
3, 5
Suppose 0*j = 9*j - 24858. List the prime factors of j.
2, 1381
Let y(n) = -5*n. Let m be y(-2). Let o(a) be the first derivative of 2*a**2 - 4*a - 4. List the prime factors of o(m).
2, 3
Let c(j) = -j**3 + 5*j**2 + j - 15. Let u be c(6). What are the prime factors of (-3)/((-3)/64) + (-49 - u)?
2, 3, 5
Let w(z) = 5*z**2 - 7*z - 6. Let o(f) = 15*f**2 - 20*f - 17. Let s(n) = 4*o(n) - 11*w(n). What are the prime factors of s(-3)?
2, 13
What are the prime factors of (10/40)/(13/266084)?
7, 17, 43
Let f be 8/((-16)/6) - (-248 + -2). Let g = f + -140. What are the prime factors of g?
107
Let k(c) = c**2 - 5*c - 1. Let u be k(5). Let y = 9 + u. List the prime factors of -3 - 3*y*-1.
3, 7
Let y be (-3)/15 - (-54)/(-30). Let p = 21 + y. List the prime factors of p.
19
Suppose -4*k = 4, 2*k + 7 = 2*r - 1. Suppose -r*a + 4*y = 2*a - 75, 40 = 5*a + 3*y. List the prime factors of a.
11
Let c = 2352 + 4163. What are the prime factors of c?
5, 1303
List the prime factors of (-905242)/(-143) + (-20)/55.
2, 3, 5, 211
Let y(p) = -3*p + 6. Let k be y(2). List the prime factors of 45 + (0 + -3 - k) + 2.
2, 11
Let s(d) = 4 - 2*d + 4 + d - 1. Let x be s(5). Suppose 11 + 11 = x*u. What are the prime factors of u?
11
Let c(v) = v + 4. Let p(o) = o + 5. Let i(r) = -2*c(r) + 3*p(r). Let z be i(-6). Let j = 2 + z. List the prime factors of j.
3
Let i(l) = l**3 + 11*l**2 - 12*l - 6. Let c be i(-12). Let s = c - -100. List the prime factors of s.
2, 47
Let t(l) be the first derivative of -l**3/3 - 2*l + 3. Let r be t(2). List the prime factors of r/42 + (-99)/(-7).
2, 7
Let u = 879 + 223. What are the prime factors of u?
2, 19, 29
Suppose 5*j - n - 215 = -1, 5*n = 2*j - 81. Suppose b + 0*f - 2*f = j, 4*f = 4*b - 160. List the prime factors of b.
37
Suppose -8*t + 71 = 31. Suppose 2*w + 5*d - 247 = 0, -2*d + 343 = t*w - 2*w. What are the prime factors of w?
3, 37
Let w = -22 - -65. List the prime factors of (1*-2)/((-2)/w).
43
Let a be -2 + (2/1 - 0). Suppose 3*c + 24 = 78. Let i = c - a. What are the prime factors of i?
2, 3
Let m(t) = -t**3 + 26*t**2 - 40*t + 35. List the prime factors of m(23).
2, 3, 13
Suppose -61 + 153 = 4*k. Suppose -k = -5*q + 122. What are the prime factors of q?
29
Let o be 378/90 - 1/5. Suppose 0 = o*g + 97 + 295. List the prime factors of (-6)/(12/g)*1.
7
Suppose 5*q = 3*q. Suppose -4*h + r + 36 = q, 6 = 5*h + 5*r - 39. Suppose -3*a + 18 = -h. What are the prime factors of a?
3
Let v(w) = -w**3 - 9*w**2 + 3*w - 19. Let o(q) = 3*q + 2. Let j be o(-4). What are the prime factors of v(j)?
3, 17
What are the prime factors of (-20)/(-45)*66*(-1635)/(-20)?
2, 11, 109
Let g = 637 - 230. List the prime factors of g.
11, 37
Suppose 5*b = -5*q + 950, -4*q + 530 + 423 = 5*b. Suppose -4*s = -0*s + c - b, 0 = -3*s + 4*c + 121. Let g = s + -4. What are the prime factors of g?
43
Let p(x) = -63*x**3 - 7*x**2 + 7*x + 25. What are the prime factors of p(-4)?
3917
Suppose 6*q + g = 4*q + 6028, 0 = -5*q - 4*g + 15067. List the prime factors of q.
3, 5, 67
Let q(w) = 2*w + 14. Let i be q(-3). Suppose -5*n - 174 = -i*n. List the prime factors of n.
2, 29
Suppose 5*s + 1245 = 2*y, 116*y + 4*s - 2532 = 112*y. List the prime factors of y.
2, 3, 5, 7
Let a(n) = 4*n + 54. Let t be a(-13). Suppose 5*o - f - t*f - 1243 = 0, 0 = 3*o - f - 745. What are the prime factors of o?
2, 31
Suppose 5*b + 6*b = 3245. What are the prime factors of b?
5, 59
Suppose 0 = -18*y - 1681 + 5371. What are the prime factors of y?
5, 41
Let i be 8283/(-77) - (-3)/(-7). Let q = 175 + i. Let c = 118 - q. List the prime factors of c.
3, 17
Let t(x) = -x**2 + 32*x + 22. Let p be t(17). Suppose p + 128 = 9*o. List the prime factors of o.
3, 5
Let r(p) be the first derivative of -p**4/4 - 8*p**3/3 + p**2/2 + 5*p + 8. Let a be r(-8). List the prime factors of 9 + 7 + -3 - a.
2
What are the prime factors of 0 - (2383/(-5) + 24/40)?
2, 7, 17
Let v be 0/2 + 1 + 16. Let t = -6 + v. Suppose 3*p + 5*b = t + 49, 3*b + 34 = p. What are the prime factors of p?
5
Let q(b) = -b**3 - 4*b**2 - 3*b + 1. Let v be q(-3). Let l be (8 - 7)/(v/6). Suppose 5*d = 2*u + 55, 4*u - l*u = -d + 11. What are the prime factors of d?
11
Let j(w) = -12*w + 6 - 3 + 4*w**2 - 37 - 9. What are the prime factors of j(-8)?
3, 103
Let o be 10/(0/(-5) - (3 - 5)). Suppose -1752 = -11*d + o*d. What are the prime factors of d?
2, 73
Let o = 30 + -55. Let c = 41 + o. What are the prime factors of c?
2
Suppose 606 = 7*p - 423. Let q = p - 82. What are the prime factors of q?
5, 13
Let p be 5 - (1 - (-1 - -3)). Let o be 3 - (-2 + p)*-1. List the prime factors of (-8)/(-3 + 19/o).
2, 7
Suppose 15*y = 12*y. What are the prime factors of (-1 - 70)*(y/(-3) - 1)?
71
Let j(d) = -4*d + 10. Let f be j(-6). Let y = -29 + f. What are the prime factors of y?
5
Let q = 8 - 8. Suppose q = 3*z + 3 + 6. Let p = z - -10. List the prime factors of p.
7
Suppose 4*r + 1044 = l, 5*l - 4*r - 4545 = 739. Suppose -u - 4*u + l = 5*d, -4*d = 5*u - 844. Suppose 3*x + 27 = d. List the prime factors of x.
3, 7
Suppose 0 = -46*y + 45*y + 12. List the prime factors of y.
2, 3
Suppose 5*p - 4 - 16 = 0. Let h(n) = -3*n + 53. Let x(c) = 4*c - 54. Let i(f) = p*x(f) + 5*h(f). List the prime factors of i(0).
7
Let t be 2/(-9) - (-1124)/36. Suppose -x + 2*m + t = 0, 0 = 3*x - 0*x - m - 73. Suppose -r + 11 = -x. List the prime factors of r.
2, 17
Suppose -l - 4*l = -10. Suppose -n - p + 245 = 0, 4*p + 505 = 2*n + 3*p. Suppose -3*w = l*w - n. What are the prime factors of w?
2, 5
Suppose 15 = -10*p - 35. What are the prime factors of (96/(-30))/(-8) - 298/p?
2, 3, 5
Let i be ((-2)/4)/(2/(-336)*2). Suppose -x + i = x. What are the prime factors of x?
3, 7
Suppose -2066 = -8*a + 1382. What are the prime factors of a?
431
Let t = 30 - 34. What are the prime factors of ((-145)/20)/(-1) - (-1)/t?
7
Let u(v) = v**3 + 6*v**2 + 2*v + 6. List the prime factors of u(5).
3, 97
What are the prime factors of 4/(-5)*(0 - 5380/8)?
2, 269
Let k(r) = -2*r**3 + 12*r**2 - 2*r - 4. Let v be k(6). Let g = 56 - v. What are the prime factors of g?
2, 3
Let y = 3491 + 691. What are the prime factors of y?
2, 3, 17, 41
Suppose -5*o + 11102 = t, 3*o + 3*t = -2*o + 11106. What are the prime factors of (-10)/65 - o/(-65)?
2, 17
Let v = 132 - 68. Suppose 0 = -3*y + 277 - v. Suppose 5*b = 64 + y. What are the prime factors of b?
3
Suppose -10 + 56 = -2*s. Let a(w) = -2*w**2 - 17*w - 9. Let g be a(-8). List the prime factors of -1*g/(-1)*s.
23
Let p(a) = 6*a - 1 + 12*a**3 - 1 - 3*a + 8*a**3. Let k(o) = -o**2 + o - 1. Let d(q) = -k(q) + p(q). List the prime factors of d(1).
2, 11
Let d = 12 + -21. Let c = -2 - d. What are the prime factors of (-24)/(3 - c) + 0?
2, 3
Let l(u) = -3*u. Let j be l(-6). Let r = j - 15. Suppose -2*o + 3*o - 38 = -5*g, -r*o + g = -98. What are the prime factors of o?
3, 11
Let n be ((308/8)/7)/((-3)/(-6)). List the prime factors of ((-2)/(-2))/(n/1166).
2, 53
Suppose 111 = -2*u + 2943. List the prime factors of u.
2, 3, 59
Suppose -14 = -6*j + 58. What are the prime factors of 2/j + (-2445)/(-18)?
2, 17
Let j(a) be the second derivative of -a**5/20 + 3*a**4/4 - a**3 - 5*a**2/2 + 4*a. Let r be j(8). Suppose 6 + r = h. List the prime factors of h.
17
Let d = -85 - -87. Suppose 0 = 4*k - k + d*c - 16, -5*c = 4*k - 33. What are the prime factors of k?
2
Let u = 149 + -59. Let t = u + -52. What are the prime factors of t?
2, 19
S